{"id":1523,"date":"2023-12-04T13:54:41","date_gmt":"2023-12-04T19:54:41","guid":{"rendered":"https:\/\/www.cinop.com.mx\/sitio\/?page_id=1523"},"modified":"2023-12-04T18:11:55","modified_gmt":"2023-12-05T00:11:55","slug":"aviso-de-privacidad","status":"publish","type":"page","link":"https:\/\/www.cinop.com.mx\/sitio\/aviso-de-privacidad\/","title":{"rendered":"Aviso de Privacidad"},"content":{"rendered":"<p>[et_pb_section fb_built=&#8221;1&#8243; _builder_version=&#8221;3.22.4&#8243; border_width_bottom=&#8221;6px&#8221; border_color_bottom=&#8221;#FF6600&#8243; custom_padding=&#8221;6px||4px|||&#8221; locked=&#8221;off&#8221;][et_pb_row _builder_version=&#8221;3.22.4&#8243;][et_pb_column type=&#8221;1_2&#8243; _builder_version=&#8221;3.22.4&#8243;][et_pb_text _builder_version=&#8221;3.22.4&#8243; text_font=&#8221;Roboto|700|||||||&#8221; text_text_color=&#8221;#7F7F7F&#8221; text_font_size=&#8221;32px&#8221; text_line_height=&#8221;1.3em&#8221; text_orientation=&#8221;center&#8221; custom_margin=&#8221;43px|-23px||-40px||&#8221;]<\/p>\n<p><strong>Aviso de Privacidad<\/strong><\/p>\n<p>[\/et_pb_text][\/et_pb_column][et_pb_column type=&#8221;1_2&#8243; _builder_version=&#8221;3.22.4&#8243;][et_pb_image src=&#8221;https:\/\/www.cinop.com.mx\/sitio\/wp-content\/uploads\/2023\/10\/NewLogoCinop_mediano.png&#8221; align=&#8221;center&#8221; _builder_version=&#8221;3.22.4&#8243; custom_padding=&#8221;||3px|||&#8221;][\/et_pb_image][\/et_pb_column][\/et_pb_row][\/et_pb_section][et_pb_section fb_built=&#8221;1&#8243; _builder_version=&#8221;3.22.4&#8243; custom_padding=&#8221;14px||11px|||&#8221;][et_pb_row _builder_version=&#8221;3.22.4&#8243;][et_pb_column type=&#8221;4_4&#8243; _builder_version=&#8221;3.22.4&#8243;][et_pb_text _builder_version=&#8221;3.22.4&#8243; text_font=&#8221;Roboto|700|||||||&#8221; text_text_color=&#8221;#002060&#8243; text_font_size=&#8221;22px&#8221; text_line_height=&#8221;1.3em&#8221; text_orientation=&#8221;center&#8221;]<\/p>\n<p><strong>Centro Integral en Opini\u00f3n P\u00fablica, S.A DE C.V.<\/strong><br \/> <strong>(CINOP)<\/strong><\/p>\n<p>[\/et_pb_text][et_pb_text _builder_version=&#8221;3.22.4&#8243; text_font=&#8221;Roboto|300|||||||&#8221; text_text_color=&#8221;#000000&#8243; text_font_size=&#8221;18px&#8221; text_line_height=&#8221;1.3em&#8221; text_orientation=&#8221;justified&#8221; custom_padding=&#8221;||0px|||&#8221;]<\/p>\n<p>Con el fin de cumplir con lo establecido en la Ley Federal de protecci\u00f3n de Datos Personales en Posesi\u00f3n de los Particulares (LFPDPPP), Centro Integral en Opini\u00f3n P\u00fablica, S.A. de C.V. (CINOP), le da a conocer el presente aviso de privacidad, que aplica a los datos personales recopilados previo consentimiento de su Titular, y mediante el cual se le hace saber el tratamiento que CINOP, en su car\u00e1cter de responsable realizar\u00e1 con los datos personales que se nos proporcione.<\/p>\n<p>Centro Integral en Opini\u00f3n P\u00fablica, S.A. de C.V. (CINOP), con domicilio en Arquitectos 25, Colonia Escand\u00f3n, C\u00f3digo Postal 11800, Alcald\u00eda Miguel Hidalgo, M\u00e9xico, Ciudad de M\u00e9xico, con n\u00famero telef\u00f3nico +52 (55) 2454-5440, y en el sitio WEB <a href=\"http:\/\/www.cinop.com.mx\">www.cinop.com.mx<\/a>\u00a0responsable de recabar sus datos personales, del uso que se le d\u00e9 a los mismos y su protecci\u00f3n, a trav\u00e9s de la implementaci\u00f3n de medidas de seguridad t\u00e9cnicas, administrativas y f\u00edsicas que permitan proteger sus datos personales contra cualquier da\u00f1o, perdida, alteraci\u00f3n, destrucci\u00f3n o el uso, acceso o tratamiento no autorizado por usted como titular, ya que nos encontramos conscientes de la importancia que tiene proteger su privacidad frente a terceros y su derecho de autodeterminaci\u00f3n informativa.<\/p>\n<p><strong>I.- Datos personales y finalidades del tratamiento.<\/strong><\/p>\n<p>En CINOP, requerimos obtener y tratar los siguientes datos personales del titular:<\/p>\n<p>[\/et_pb_text][et_pb_text module_class=&#8221;divicon_img&#8221; _builder_version=&#8221;3.22.4&#8243; text_font=&#8221;Roboto|300|||||||&#8221; text_text_color=&#8221;#000000&#8243; text_font_size=&#8221;18px&#8221; text_line_height=&#8221;1.3em&#8221; text_orientation=&#8221;justified&#8221; custom_padding=&#8221;||0px|32px||&#8221;]<\/p>\n<ul>\n<li>Datos de identificaci\u00f3n y contacto.<\/li>\n<li>Datos patrimoniales y\/o financieros.<\/li>\n<li>Datos laborales.<\/li>\n<li>Datos acad\u00e9micos.<\/li>\n<li>Datos sobre pasatiempos, entretenimiento y diversi\u00f3n.<\/li>\n<\/ul>\n<p>[\/et_pb_text][et_pb_text _builder_version=&#8221;3.22.4&#8243; text_font=&#8221;Roboto|300|||||||&#8221; text_text_color=&#8221;#000000&#8243; text_font_size=&#8221;18px&#8221; text_line_height=&#8221;1.3em&#8221; text_orientation=&#8221;justified&#8221; custom_margin=&#8221;-16px|||||&#8221; custom_padding=&#8221;||0px|||&#8221;]<\/p>\n<p>Dentro de la documentaci\u00f3n que puede ser recolectada por Centro Integral en Opini\u00f3n P\u00fablica, S.A. de C.V. (CINOP), para la verificaci\u00f3n de la identidad del Titular de los datos personales se encuentra la credencial de elector; el pasaporte, o la cartilla de identidad del servicio militar nacional liberada, o en su caso, c\u00e9dula profesional.<\/p>\n<p>Adem\u00e1s, Centro Integral en Opini\u00f3n P\u00fablica, S.A. de C.V. (CINOP), a fin de cumplir con las finalidades previstas en el presente Aviso de Privacidad en el casi de realizar estudios de opini\u00f3n p\u00fablica, recabar\u00e1 y tratar\u00e1 datos personales sensibles, es decir, aquellos que refieren su opini\u00f3n pol\u00edtica, afiliaci\u00f3n sindical, creencias religiosas, morales y \u00e9ticas, estado de salud y preferencias sexuales. El responsable se compromete a que dichos datos personales sensibles ser\u00e1n tratados bajo las m\u00e1s estrictas medidas de seguridad garantizando su confidencialidad.<\/p>\n<p>La recolecci\u00f3n de datos personales podr\u00e1 efectuarse utilizando cualquier medio electr\u00f3nico o de forma directa utilizando papel y l\u00e1piz, siempre bajo consentimiento del Titular.<br \/> Los datos personales del Titular son recolectados y tratados por CINOP en su car\u00e1cter de Responsable directamente o sus Encargados, a fin de llevar a cabo las siguientes las siguientes actividades, como finalidades principales:<span style=\"font-size: 18px;\">\u00a0<\/span><\/p>\n<p>[\/et_pb_text][et_pb_text _builder_version=&#8221;3.22.4&#8243; text_font=&#8221;Roboto|300|||||||&#8221; text_text_color=&#8221;#000000&#8243; text_font_size=&#8221;18px&#8221; text_line_height=&#8221;1.3em&#8221; custom_padding=&#8221;||10px|||&#8221;]<\/p>\n<p>\u00a0 \u00a0 \u00a0 \u00a0 \u00a0 \u00a0 \u00a0 \u00a0 \u00a0 \u00a0 a.\u00a0 \u00a0 Realizar encuestas o aplicar cuestionarios para llevar a cabo investigaciones para estudios de mercado y opini\u00f3n p\u00fablica;<br \/> \u00a0 \u00a0 \u00a0 \u00a0 \u00a0 \u00a0 \u00a0 \u00a0 \u00a0 \u00a0 b.\u00a0 \u00a0 Invitar al Titular a participar en encuestas o cuestionarios para llevar a cabo investigaciones para estudios de mercado, opini\u00f3n p\u00fablica y comunicaci\u00f3n;<br \/> \u00a0 \u00a0 \u00a0 \u00a0 \u00a0 \u00a0 \u00a0 \u00a0 \u00a0 \u00a0 c.\u00a0 \u00a0 Realizar estudios sobre los datos demogr\u00e1ficos intereses y comportamiento de sus clientes, consumidores, proveedores, y de aquellos terceros con los que trate;<br \/> \u00a0 \u00a0 \u00a0 \u00a0 \u00a0 \u00a0 \u00a0 \u00a0 \u00a0 \u00a0 d.\u00a0 \u00a0 Reclutar al Titular para que participe en chats y\/o foros de discusi\u00f3n en l\u00ednea sobre productos y\/o servicios, o debates sobre temas de actualidad pol\u00edticos, sociales, morales, \u00e9ticos o culturales;<br \/> \u00a0 \u00a0 \u00a0 \u00a0 \u00a0 \u00a0 \u00a0 \u00a0 \u00a0 \u00a0 e.\u00a0 \u00a0 Llevar a cabo el video y\/o audio grabaci\u00f3n de la realizaci\u00f3n del estudio en su domicilio \u2013casa -, de las sesiones de grupo (focus groups), entrevistas a profundidad, etnograf\u00eda, o bien cuando se realiza una entrevista v\u00eda telef\u00f3nica con el titular;<br \/> \u00a0 \u00a0 \u00a0 \u00a0 \u00a0 \u00a0 \u00a0 \u00a0 \u00a0 \u00a0 f.\u00a0 \u00a0 Invitar al Titular a compartir sus comentarios o sugerencias sobre productos y servicios;<br \/> \u00a0 \u00a0 \u00a0 \u00a0 \u00a0 \u00a0 \u00a0 \u00a0 \u00a0 \u00a0 g.\u00a0 \u00a0 Verificar la participaci\u00f3n del Titular en las investigaciones para estudios de mercado, opini\u00f3n p\u00fablica y comunicaci\u00f3n;<br \/> \u00a0 \u00a0 \u00a0 \u00a0 \u00a0 \u00a0 \u00a0 \u00a0 \u00a0 \u00a0 h.\u00a0 \u00a0 Permitir al Titular utilizar los distintos servicios de sus correspondientes sitios web incluyendo la descarga de contenidos y formatos.<\/p>\n<p>[\/et_pb_text][et_pb_text _builder_version=&#8221;3.22.4&#8243; text_font=&#8221;Roboto|300|||||||&#8221; text_text_color=&#8221;#000000&#8243; text_font_size=&#8221;18px&#8221; text_line_height=&#8221;1.3em&#8221; text_orientation=&#8221;justified&#8221;]<\/p>\n<p>Le ofrecemos la oportunidad de limitar el uso o divulgaci\u00f3n de sus datos personales para participar en nuestras entrevistas, encuestas o sesiones de grupo, o para el uso de sus datos en las finalidades secundarias se\u00f1aladas en este Aviso de Privacidad, a trav\u00e9s de enviar un correo electr\u00f3nico a la direcci\u00f3n electr\u00f3nica de avisoprivacidad@cinop.com.mx a fin de quedar registrado en el listado de exclusi\u00f3n correspondiente, de acuerdo a su solicitud. Tambi\u00e9n podr\u00e1 limitar el uso o divulgaci\u00f3n de sus datos enviando una carta al domicilio se\u00f1alado con anterioridad.<br \/> Para el efecto, deber\u00e1n transcurrir 10 d\u00edas h\u00e1biles posteriores a la recepci\u00f3n de su solicitud, para que se procese la baja.<\/p>\n<p><strong>III.- Transferencia de Datos.<\/strong><\/p>\n<p>El responsable o cualquiera de sus Encargados, previo consentimiento de parte del Titular, podr\u00e1n realizar transferencias de datos personales a terceros nacionales o extranjeros, clientes del Responsable, en el entendido de que el tratamiento que dichos terceros dan a los datos personales del Titular deber\u00e1 ajustarse a lo establecido en este Aviso de Privacidad.<\/p>\n<p><strong>VI.- Revocaci\u00f3n, limitaci\u00f3n al uso o divulgaci\u00f3n de sus datos personales.<\/strong><\/p>\n<p>Usted puede revocar el consentimiento que nos ha otorgado para el tratamiento de sus datos personales, en cualquier momento, a fin de que dejemos de hacer uso de los mismos, con excepci\u00f3n de los supuestos establecidos en el art\u00edculo 10 de la LFPDPPP. A fin de que Centro Integral en Opini\u00f3n P\u00fablica, S.A. de C.V. (CINOP), este en posibilidad de atender su solicitud de revocaci\u00f3n, deber\u00e1 proporcionar la informaci\u00f3n se\u00f1alada en los puntos 1,2,3 y 4 del anterior numeral V, ante nuestro comit\u00e9 de privacidad.<\/p>\n<p>Centro Integral en Opini\u00f3n P\u00fablica, S.A. de C.V. (CINOP), atender\u00e1 su petici\u00f3n en un m\u00e1ximo de 10 d\u00edas h\u00e1biles siguientes a la recepci\u00f3n de su solicitud de revocaci\u00f3n, y le informara de la procedencia de la misma, a trav\u00e9s del envi\u00f3 de un correo a la direcci\u00f3n electr\u00f3nica se\u00f1alada por usted en su solicitud. Es importante que tenga en cuenta que no en todos los casos podremos atender su solicitud o concluir el uso de forma inmediata, ya que es posible que por alguna obligaci\u00f3n legal requiramos seguir tratando sus datos personales.<\/p>\n<p><strong>VII.- Cambios al aviso de privacidad.<\/strong><\/p>\n<p>Centro Integral en Opini\u00f3n P\u00fablica, S.A. de C.V. (CINOP), se reserva el derecho de actualizar peri\u00f3dicamente el presente Aviso de Privacidad conforme a los cambios de nuestras pr\u00e1cticas de informaci\u00f3n personal, en atenci\u00f3n a las novedades legislativas, pol\u00edticas internas o nuevos requerimientos para presentaci\u00f3n de nuestros servicios o productos.<br \/> Estas modificaciones est\u00e1n disponibles al p\u00fablico a trav\u00e9s de nuestra p\u00e1gina de Internet, por lo que el Titular podr\u00e1 consultarlas en la siguiente liga de Internet: <a href=\"https:\/\/www.cinop.com.mx\/sitio\/aviso-de-privacidad\/\">https:\/\/www.cinop.com.mx\/sitio\/aviso-de-privacidad\/<\/a>. se recomienda al Titular consultar nuestro Aviso de Privacidad, por lo menos semestralmente, para estar actualizado de las condiciones y t\u00e9rminos del mismo.<\/p>\n<p><strong>VIII.- Instituto Nacional de Transparencia, Acceso a la Informaci\u00f3n y Protecci\u00f3n de Datos Personales (INAI).<\/strong><\/p>\n<p>El Titular de los datos personales podr\u00e1 en caso de que considere que su derecho de protecci\u00f3n de datos personales ha sido lesionado por el tratamiento indebido de sus datos personales, interponer su queja o denuncia correspondiente ante el Instituto Nacional de Transparencia, Acceso a la Informaci\u00f3n y Protecci\u00f3n de Datos Personales (INAI), para mayor informaci\u00f3n visite <a href=\"https:\/\/home.inai.org.mx\/\">https:\/\/home.inai.org.mx\/<\/a>.<\/p>\n<p>[\/et_pb_text][et_pb_text _builder_version=&#8221;3.22.4&#8243; text_font=&#8221;Roboto|700|||||||&#8221; text_font_size=&#8221;12px&#8221; text_line_height=&#8221;1.3em&#8221; text_orientation=&#8221;right&#8221; custom_padding=&#8221;13px||7px|||&#8221;]<\/p>\n<p><strong>Actualizaci\u00f3n, diciembre 2023.<\/strong><\/p>\n<p>[\/et_pb_text][\/et_pb_column][\/et_pb_row][\/et_pb_section][et_pb_section fb_built=&#8221;1&#8243; _builder_version=&#8221;3.22.4&#8243; background_color=&#8221;#002060&#8243; custom_margin=&#8221;||-4px|||&#8221; custom_padding=&#8221;0px||9px|||&#8221; locked=&#8221;off&#8221;][et_pb_row custom_padding=&#8221;|||||&#8221; custom_margin=&#8221;|||||&#8221; _builder_version=&#8221;3.22.4&#8243;][et_pb_column type=&#8221;1_5&#8243; _builder_version=&#8221;3.22.4&#8243;][\/et_pb_column][et_pb_column type=&#8221;1_5&#8243; _builder_version=&#8221;3.22.4&#8243;][et_pb_image src=&#8221;https:\/\/www.cinop.com.mx\/sitio\/wp-content\/uploads\/2023\/11\/Facebook002.png&#8221; url=&#8221;https:\/\/www.facebook.com\/profile.php?id=61553752034671&#8243; _builder_version=&#8221;3.22.4&#8243; transform_scale=&#8221;50%|50%&#8221;][\/et_pb_image][\/et_pb_column][et_pb_column type=&#8221;1_5&#8243; _builder_version=&#8221;3.22.4&#8243;][et_pb_image src=&#8221;https:\/\/www.cinop.com.mx\/sitio\/wp-content\/uploads\/2023\/11\/Linkedin002.png&#8221; url=&#8221;https:\/\/www.linkedin.com\/in\/cinop-mx-446a412a1\/&#8221; _builder_version=&#8221;3.22.4&#8243; transform_scale=&#8221;50%|50%&#8221;][\/et_pb_image][\/et_pb_column][et_pb_column type=&#8221;1_5&#8243; _builder_version=&#8221;3.22.4&#8243;][\/et_pb_column][et_pb_column type=&#8221;1_5&#8243; _builder_version=&#8221;3.22.4&#8243;][et_pb_text text_font_size=&#8221;20px&#8221; text_orientation=&#8221;center&#8221; _builder_version=&#8221;3.22.4&#8243; link_option_url=&#8221;https:\/\/www.cinop.com.mx\/sitio\/mapa-del-sitio\/&#8221; text_font=&#8221;||||||||&#8221; text_text_color=&#8221;#00B0F0&#8243; custom_padding=&#8221;25px||&#8221;]<\/p>\n<p>Mapa del Sitio<\/p>\n<p>[\/et_pb_text][\/et_pb_column][\/et_pb_row][\/et_pb_section]<\/p>\n","protected":false},"excerpt":{"rendered":"<p>[et_pb_section fb_built=&#8221;1&#8243; _builder_version=&#8221;3.22.4&#8243; border_width_bottom=&#8221;6px&#8221; border_color_bottom=&#8221;#FF6600&#8243; custom_padding=&#8221;6px||4px|||&#8221; locked=&#8221;off&#8221;][et_pb_row _builder_version=&#8221;3.22.4&#8243;][et_pb_column type=&#8221;1_2&#8243; _builder_version=&#8221;3.22.4&#8243;][et_pb_text _builder_version=&#8221;3.22.4&#8243; text_font=&#8221;Roboto|700|||||||&#8221; text_text_color=&#8221;#7F7F7F&#8221; text_font_size=&#8221;32px&#8221; text_line_height=&#8221;1.3em&#8221; text_orientation=&#8221;center&#8221; custom_margin=&#8221;43px|-23px||-40px||&#8221;] Aviso de Privacidad [\/et_pb_text][\/et_pb_column][et_pb_column type=&#8221;1_2&#8243; _builder_version=&#8221;3.22.4&#8243;][et_pb_image src=&#8221;https:\/\/www.cinop.com.mx\/sitio\/wp-content\/uploads\/2023\/10\/NewLogoCinop_mediano.png&#8221; align=&#8221;center&#8221; _builder_version=&#8221;3.22.4&#8243; custom_padding=&#8221;||3px|||&#8221;][\/et_pb_image][\/et_pb_column][\/et_pb_row][\/et_pb_section][et_pb_section fb_built=&#8221;1&#8243; _builder_version=&#8221;3.22.4&#8243; custom_padding=&#8221;14px||11px|||&#8221;][et_pb_row _builder_version=&#8221;3.22.4&#8243;][et_pb_column type=&#8221;4_4&#8243; _builder_version=&#8221;3.22.4&#8243;][et_pb_text _builder_version=&#8221;3.22.4&#8243; text_font=&#8221;Roboto|700|||||||&#8221; text_text_color=&#8221;#002060&#8243; text_font_size=&#8221;22px&#8221; text_line_height=&#8221;1.3em&#8221; text_orientation=&#8221;center&#8221;] Centro Integral en Opini\u00f3n P\u00fablica, S.A DE C.V. (CINOP) [\/et_pb_text][et_pb_text _builder_version=&#8221;3.22.4&#8243; text_font=&#8221;Roboto|300|||||||&#8221; text_text_color=&#8221;#000000&#8243; text_font_size=&#8221;18px&#8221; text_line_height=&#8221;1.3em&#8221; text_orientation=&#8221;justified&#8221; [&hellip;]<\/p>\n","protected":false},"author":2,"featured_media":0,"parent":0,"menu_order":0,"comment_status":"closed","ping_status":"closed","template":"","meta":{"nf_dc_page":"","_et_pb_use_builder":"on","_et_pb_old_content":"","om_disable_all_campaigns":false,"_monsterinsights_skip_tracking":false,"_monsterinsights_sitenote_active":false,"_monsterinsights_sitenote_note":"","_monsterinsights_sitenote_category":0,"footnotes":""},"class_list":["post-1523","page","type-page","status-publish","hentry"],"aioseo_notices":[],"_links":{"self":[{"href":"https:\/\/www.cinop.com.mx\/sitio\/wp-json\/wp\/v2\/pages\/1523","targetHints":{"allow":["GET"]}}],"collection":[{"href":"https:\/\/www.cinop.com.mx\/sitio\/wp-json\/wp\/v2\/pages"}],"about":[{"href":"https:\/\/www.cinop.com.mx\/sitio\/wp-json\/wp\/v2\/types\/page"}],"author":[{"embeddable":true,"href":"https:\/\/www.cinop.com.mx\/sitio\/wp-json\/wp\/v2\/users\/2"}],"replies":[{"embeddable":true,"href":"https:\/\/www.cinop.com.mx\/sitio\/wp-json\/wp\/v2\/comments?post=1523"}],"version-history":[{"count":15,"href":"https:\/\/www.cinop.com.mx\/sitio\/wp-json\/wp\/v2\/pages\/1523\/revisions"}],"predecessor-version":[{"id":1594,"href":"https:\/\/www.cinop.com.mx\/sitio\/wp-json\/wp\/v2\/pages\/1523\/revisions\/1594"}],"wp:attachment":[{"href":"https:\/\/www.cinop.com.mx\/sitio\/wp-json\/wp\/v2\/media?parent=1523"}],"curies":[{"name":"wp","href":"https:\/\/api.w.org\/{rel}","templated":true}]}}