{"id":1374,"date":"2023-11-14T11:06:00","date_gmt":"2023-11-14T17:06:00","guid":{"rendered":"https:\/\/www.cinop.com.mx\/?page_id=1374"},"modified":"2023-12-04T18:09:05","modified_gmt":"2023-12-05T00:09:05","slug":"analisis","status":"publish","type":"page","link":"https:\/\/www.cinop.com.mx\/sitio\/analisis\/","title":{"rendered":"An\u00e1lisis especializados"},"content":{"rendered":"<p>[et_pb_section fb_built=&#8221;1&#8243; _builder_version=&#8221;3.22.4&#8243; border_width_bottom=&#8221;6px&#8221; border_color_bottom=&#8221;#FF6600&#8243; custom_margin=&#8221;||1px|||&#8221; custom_padding=&#8221;23px||5px|||&#8221; locked=&#8221;off&#8221;][et_pb_row custom_margin=&#8221;-11px|auto||auto||&#8221; _builder_version=&#8221;3.22.4&#8243; min_height=&#8221;58.6px&#8221;][et_pb_column type=&#8221;1_2&#8243; _builder_version=&#8221;3.22.4&#8243;][et_pb_text _builder_version=&#8221;3.22.4&#8243; text_font=&#8221;Roboto|700|||||||&#8221; text_text_color=&#8221;#7F7F7F&#8221; text_font_size=&#8221;32px&#8221; text_line_height=&#8221;1.3em&#8221; custom_padding=&#8221;41px|||||&#8221;]<\/p>\n<p><b>An\u00e1lisis especializados<\/b><\/p>\n<p>[\/et_pb_text][\/et_pb_column][et_pb_column type=&#8221;1_2&#8243; _builder_version=&#8221;3.22.4&#8243;][et_pb_image src=&#8221;https:\/\/www.cinop.com.mx\/sitio\/wp-content\/uploads\/2023\/10\/NewLogoCinop_mediano.png&#8221; align=&#8221;right&#8221; _builder_version=&#8221;3.22.4&#8243;][\/et_pb_image][\/et_pb_column][\/et_pb_row][\/et_pb_section][et_pb_section fb_built=&#8221;1&#8243; _builder_version=&#8221;3.22.4&#8243; border_width_bottom=&#8221;6px&#8221; border_color_bottom=&#8221;#7F7F7F&#8221; custom_margin=&#8221;-3px|||||&#8221; custom_padding=&#8221;22px||22px|||&#8221;][et_pb_row use_custom_gutter=&#8221;on&#8221; custom_padding=&#8221;9px||8px|||&#8221; custom_margin=&#8221;|auto|-2px|auto||&#8221; make_equal=&#8221;on&#8221; _builder_version=&#8221;3.22.4&#8243;][et_pb_column type=&#8221;1_4&#8243; _builder_version=&#8221;3.22.4&#8243;][et_pb_image src=&#8221;https:\/\/www.cinop.com.mx\/sitio\/wp-content\/uploads\/2023\/10\/L18_V4_Image01.png&#8221; _builder_version=&#8221;3.22.4&#8243;][\/et_pb_image][\/et_pb_column][et_pb_column type=&#8221;1_4&#8243; _builder_version=&#8221;3.22.4&#8243;][et_pb_image src=&#8221;https:\/\/www.cinop.com.mx\/sitio\/wp-content\/uploads\/2023\/10\/L18_V4_Image02.png&#8221; _builder_version=&#8221;3.22.4&#8243;][\/et_pb_image][\/et_pb_column][et_pb_column type=&#8221;1_4&#8243; _builder_version=&#8221;3.22.4&#8243;][et_pb_image src=&#8221;https:\/\/www.cinop.com.mx\/sitio\/wp-content\/uploads\/2023\/10\/L18_V4_Image03.png&#8221; _builder_version=&#8221;3.22.4&#8243;][\/et_pb_image][\/et_pb_column][et_pb_column type=&#8221;1_4&#8243; _builder_version=&#8221;3.22.4&#8243;][et_pb_image src=&#8221;https:\/\/www.cinop.com.mx\/sitio\/wp-content\/uploads\/2023\/10\/L18_V4_Image04.png&#8221; _builder_version=&#8221;3.22.4&#8243;][\/et_pb_image][\/et_pb_column][\/et_pb_row][et_pb_row custom_padding=&#8221;10px||13px|||&#8221; _builder_version=&#8221;3.22.4&#8243;][et_pb_column type=&#8221;1_4&#8243; _builder_version=&#8221;3.22.4&#8243;][et_pb_text _builder_version=&#8221;3.22.4&#8243; text_font=&#8221;Roboto||||||||&#8221; text_text_color=&#8221;#7F7F7F&#8221; text_font_size=&#8221;14px&#8221; text_line_height=&#8221;1.3em&#8221; text_orientation=&#8221;justified&#8221;]<\/p>\n<p>Las grandes marcas aumentan su lealtad y valor de marca, tienen mayores oportunidades de expansi\u00f3n y ventajas competitivas as\u00ed como poder de negociaci\u00f3n es por ello que utilizan el <strong><span style=\"color: #002060;\">Brand Equity<\/span><\/strong> para diferenciarse en el mercado y desarrollarse como marca facilitando el dise\u00f1o de estrategias de Marketing mediante:<\/p>\n<p>[\/et_pb_text][et_pb_text ol_position=&#8221;outside&#8221; ol_item_indent=&#8221;12px&#8221; _builder_version=&#8221;3.22.4&#8243; text_font=&#8221;Roboto||||||||&#8221; text_text_color=&#8221;#7F7F7F&#8221; text_font_size=&#8221;14px&#8221; text_line_height=&#8221;1.3em&#8221; ul_font=&#8221;||||||||&#8221; ol_font=&#8221;Roboto||||||||&#8221; ol_text_align=&#8221;left&#8221; ol_text_color=&#8221;#FF6600&#8243; ol_line_height=&#8221;1.3em&#8221; text_orientation=&#8221;justified&#8221;]<\/p>\n<ol>\n<li><span style=\"color: #7f7f7f;\">Valor y equidad de una marca vs la competencia.<\/span><\/li>\n<li><span style=\"color: #7f7f7f;\">Conexi\u00f3n de la marca con el consumidor.<\/span><\/li>\n<li><span style=\"color: #7f7f7f;\">Diferenciadores de la marca vs la competencia.<\/span><\/li>\n<\/ol>\n<p>[\/et_pb_text][\/et_pb_column][et_pb_column type=&#8221;1_4&#8243; _builder_version=&#8221;3.22.4&#8243;][et_pb_text _builder_version=&#8221;3.22.4&#8243; text_font=&#8221;Roboto||||||||&#8221; text_text_color=&#8221;#7F7F7F&#8221; text_font_size=&#8221;14px&#8221; text_line_height=&#8221;1.3em&#8221; text_orientation=&#8221;justified&#8221;]Uno de los principales objetivos del <span style=\"color: #002060;\">an\u00e1lisis de correspondencias<\/span> <span style=\"color: #002060;\"><strong>(ANACOR)<\/strong><\/span> es describir la relaci\u00f3n existente entre las marcas o productos y una serie de atributos (Insights).<br \/>\nUn ANACOR es valioso en t\u00e9rminos de percepciones de marca; brinda una descripci\u00f3n general r\u00e1pida e intuitiva de las relaciones de los atributos de la marca que no se presentan con otras t\u00e9cnicas gr\u00e1ficas, con este an\u00e1lisis podemos resolver temas como:[\/et_pb_text][et_pb_text ol_position=&#8221;outside&#8221; ol_item_indent=&#8221;12px&#8221; _builder_version=&#8221;3.22.4&#8243; text_font=&#8221;Roboto||||||||&#8221; text_text_color=&#8221;#7F7F7F&#8221; text_font_size=&#8221;14px&#8221; text_line_height=&#8221;1.3em&#8221; ul_font=&#8221;||||||||&#8221; ol_font=&#8221;Roboto||||||||&#8221; ol_text_align=&#8221;left&#8221; ol_text_color=&#8221;#FF6600&#8243; ol_line_height=&#8221;1.3em&#8221; text_orientation=&#8221;justified&#8221; custom_margin=&#8221;-14px|||||&#8221;]<\/p>\n<ol>\n<li><span style=\"color: #7f7f7f;\">Posicionamiento correcto de la marca.<\/span><\/li>\n<li><span style=\"color: #7f7f7f;\">Diferenciaci\u00f3n de la marca vs competencia.<\/span><\/li>\n<li><span style=\"color: #7f7f7f;\">Atributos poseen los competidores o, alternativamente, posee esta marca.<\/span><\/li>\n<\/ol>\n<p>[\/et_pb_text][\/et_pb_column][et_pb_column type=&#8221;1_4&#8243; _builder_version=&#8221;3.22.4&#8243;][et_pb_text _builder_version=&#8221;3.22.4&#8243; text_font=&#8221;Roboto||||||||&#8221; text_text_color=&#8221;#7F7F7F&#8221; text_font_size=&#8221;14px&#8221; text_line_height=&#8221;1.3em&#8221; text_orientation=&#8221;justified&#8221;]<span style=\"color: #002060;\"><b>Elasticidad de precios: <\/b><\/span>a trav\u00e9s de un modelo que permite conocer el rango de precio optimo y el precio aceptable de un producto o un servicio.[\/et_pb_text][et_pb_text _builder_version=&#8221;3.22.4&#8243; text_font=&#8221;Roboto||||||||&#8221; text_text_color=&#8221;#7F7F7F&#8221; text_font_size=&#8221;14px&#8221; text_line_height=&#8221;1.3em&#8221; text_orientation=&#8221;justified&#8221;]<span style=\"color: #002060;\"><b>Elasticidad de la demanda:\u00a0<\/b><\/span>estima el efecto de cambios en el precio sobre la demanda de un producto o servicio mediante la simulaci\u00f3n de diferentes escenarios al precio.[\/et_pb_text][\/et_pb_column][et_pb_column type=&#8221;1_4&#8243; _builder_version=&#8221;3.22.4&#8243;][et_pb_text _builder_version=&#8221;3.22.4&#8243; text_font=&#8221;Roboto||||||||&#8221; text_text_color=&#8221;#7F7F7F&#8221; text_font_size=&#8221;14px&#8221; text_line_height=&#8221;1.3em&#8221; text_orientation=&#8221;justified&#8221;]<span style=\"color: #002060;\"><b>La segmentaci\u00f3n de mercado\u00a0<\/b><\/span>permite que las marcas creen estrategias para diferentes tipos de consumidores, dependiendo de la forma en la que perciben el valor total de ciertos productos y servicios. De esta manera, pueden introducir un mensaje m\u00e1s personalizado con la certeza de que ser\u00e1 recibido con \u00e9xito. Esto nos permite seccionar al mercado objetivo en grupos m\u00e1s peque\u00f1os que comparten caracter\u00edsticas similares, como edad, ingresos, rasgos de personalidad, comportamiento (conductas, actitudes) intereses o necesidades.<br \/>\nEstos segmentos pueden ser utilizados para optimizar productos, esfuerzos de marketing, publicidad y ventas.[\/et_pb_text][\/et_pb_column][\/et_pb_row][\/et_pb_section][et_pb_section fb_built=&#8221;1&#8243; _builder_version=&#8221;3.22.4&#8243; border_width_bottom=&#8221;6px&#8221; border_color_bottom=&#8221;#FF6600&#8243; custom_margin=&#8221;||1px|||&#8221; custom_padding=&#8221;23px||5px|||&#8221; locked=&#8221;off&#8221;][et_pb_row custom_margin=&#8221;-11px|auto||auto||&#8221; _builder_version=&#8221;3.22.4&#8243; min_height=&#8221;58.6px&#8221;][et_pb_column type=&#8221;1_2&#8243; _builder_version=&#8221;3.22.4&#8243;][\/et_pb_column][et_pb_column type=&#8221;1_2&#8243; _builder_version=&#8221;3.22.4&#8243;][\/et_pb_column][\/et_pb_row][\/et_pb_section][et_pb_section fb_built=&#8221;1&#8243; _builder_version=&#8221;3.22.4&#8243; custom_padding=&#8221;18px||18px|||&#8221;][et_pb_row custom_padding=&#8221;||23px|||&#8221; _builder_version=&#8221;3.22.4&#8243;][et_pb_column type=&#8221;2_5&#8243; _builder_version=&#8221;3.22.4&#8243;][et_pb_image src=&#8221;https:\/\/www.cinop.com.mx\/sitio\/wp-content\/uploads\/2023\/10\/L19_V4_Image01.png&#8221; align=&#8221;center&#8221; _builder_version=&#8221;3.22.4&#8243;][\/et_pb_image][\/et_pb_column][et_pb_column type=&#8221;3_5&#8243; _builder_version=&#8221;3.22.4&#8243;][et_pb_text _builder_version=&#8221;3.22.4&#8243; text_font=&#8221;Roboto||||||||&#8221; text_text_color=&#8221;#7F7F7F&#8221; text_font_size=&#8221;14px&#8221; text_line_height=&#8221;1.3em&#8221; text_orientation=&#8221;justified&#8221; custom_margin=&#8221;|||-68px||&#8221; custom_padding=&#8221;38px|||||&#8221;]<\/p>\n<p><span style=\"color: #002060;\"><b>Con el an\u00e1lisis conjunto <\/b><\/span>podemos analizar preferencias de los consumidores y utilizar esa informaci\u00f3n para ayudar a seleccionar las caracter\u00edsticas del producto, evaluar la sensibilidad al precio, y predecir la adopci\u00f3n de nuevos productos o servicios.<\/p>\n<p>Tambi\u00e9n, nos permite conocer qu\u00e9 tipo de producto es probable que compren los consumidores y qu\u00e9 es lo que los consumidores valoran m\u00e1s (y menos) de un producto.<\/p>\n<p>[\/et_pb_text][\/et_pb_column][\/et_pb_row][et_pb_row _builder_version=&#8221;3.22.4&#8243;][et_pb_column type=&#8221;1_2&#8243; _builder_version=&#8221;3.22.4&#8243;][et_pb_text _builder_version=&#8221;3.22.4&#8243; text_font=&#8221;Roboto||||||||&#8221; text_text_color=&#8221;#7F7F7F&#8221; text_font_size=&#8221;14px&#8221; text_line_height=&#8221;1.3em&#8221; text_orientation=&#8221;justified&#8221;]<\/p>\n<p><span style=\"color: #002060;\"><b>El NPS (Net Promoter Score) <\/b><\/span>Permite conocer los indicadores para medir la satisfacci\u00f3n y lealtad del cliente.<\/p>\n<p>Tiene como \u00fanico objetivo: descubrir la probabilidad de que una persona recomiende una marca, una empresa, un producto o un servicio a otra persona.<\/p>\n<p>[\/et_pb_text][et_pb_image src=&#8221;https:\/\/www.cinop.com.mx\/sitio\/wp-content\/uploads\/2023\/10\/L19_V4_Image02.png&#8221; align=&#8221;center&#8221; _builder_version=&#8221;3.22.4&#8243;][\/et_pb_image][\/et_pb_column][et_pb_column type=&#8221;1_2&#8243; _builder_version=&#8221;3.22.4&#8243;][et_pb_image src=&#8221;https:\/\/www.cinop.com.mx\/sitio\/wp-content\/uploads\/2023\/10\/L19_V4_Image03.png&#8221; align=&#8221;center&#8221; _builder_version=&#8221;3.22.4&#8243;][\/et_pb_image][et_pb_text _builder_version=&#8221;3.22.4&#8243; text_font=&#8221;Roboto||||||||&#8221; text_text_color=&#8221;#7F7F7F&#8221; text_font_size=&#8221;14px&#8221; text_line_height=&#8221;1.3em&#8221; text_orientation=&#8221;justified&#8221;]El an\u00e1lisis <span style=\"color: #002060;\"><b>FODA<\/b><\/span> hace un diagn\u00f3stico certero examinando las caracter\u00edsticas de una marca, producto o servicio frente a sus competidores, esto permite identificar y aprovechar los puntos positivos, adem\u00e1s de atacar las debilidades para convertirlas en oportunidades.[\/et_pb_text][et_pb_text ol_position=&#8221;outside&#8221; ol_item_indent=&#8221;12px&#8221; _builder_version=&#8221;3.22.4&#8243; text_font=&#8221;Roboto||||||||&#8221; text_text_color=&#8221;#7F7F7F&#8221; text_font_size=&#8221;14px&#8221; text_line_height=&#8221;1.3em&#8221; ul_font=&#8221;||||||||&#8221; ol_font=&#8221;Roboto||||||||&#8221; ol_text_align=&#8221;left&#8221; ol_text_color=&#8221;#FF6600&#8243; ol_line_height=&#8221;1.3em&#8221; text_orientation=&#8221;justified&#8221; custom_margin=&#8221;-14px|||||&#8221; custom_padding=&#8221;25px|||||&#8221;]<\/p>\n<ol>\n<li><span style=\"color: #7f7f7f;\">Sirve como base de un plan estrat\u00e9gico ya que permite planear y definir las estrategias que se llevar\u00e1n a cabo en el futuro para la marca.<\/span><\/li>\n<li><span style=\"color: #7f7f7f;\">Analizar completamente el panorama tanto interno cuanto externo para entender el panorama actual del mercado.<\/span><\/li>\n<li><span style=\"color: #7f7f7f;\">Apoyo en la toma de decisiones (mapear los problemas y oportunidades)<\/span><\/li>\n<\/ol>\n<p>[\/et_pb_text][\/et_pb_column][\/et_pb_row][\/et_pb_section][et_pb_section fb_built=&#8221;1&#8243; _builder_version=&#8221;3.22.4&#8243; background_color=&#8221;#002060&#8243; custom_margin=&#8221;||-4px|||&#8221; custom_padding=&#8221;0px||9px|||&#8221; locked=&#8221;off&#8221;][et_pb_row custom_padding=&#8221;|||||&#8221; custom_margin=&#8221;|||||&#8221; _builder_version=&#8221;3.22.4&#8243;][et_pb_column type=&#8221;1_5&#8243; _builder_version=&#8221;3.22.4&#8243;][\/et_pb_column][et_pb_column type=&#8221;1_5&#8243; _builder_version=&#8221;3.22.4&#8243;][et_pb_image src=&#8221;https:\/\/www.cinop.com.mx\/sitio\/wp-content\/uploads\/2023\/11\/Facebook002.png&#8221; url=&#8221;https:\/\/www.facebook.com\/profile.php?id=61553752034671&#8243; _builder_version=&#8221;3.22.4&#8243; transform_scale=&#8221;50%|50%&#8221;][\/et_pb_image][\/et_pb_column][et_pb_column type=&#8221;1_5&#8243; _builder_version=&#8221;3.22.4&#8243;][et_pb_image src=&#8221;https:\/\/www.cinop.com.mx\/sitio\/wp-content\/uploads\/2023\/11\/Linkedin002.png&#8221; url=&#8221;https:\/\/www.linkedin.com\/in\/cinop-mx-446a412a1\/&#8221; _builder_version=&#8221;3.22.4&#8243; transform_scale=&#8221;50%|50%&#8221;][\/et_pb_image][\/et_pb_column][et_pb_column type=&#8221;1_5&#8243; _builder_version=&#8221;3.22.4&#8243;][\/et_pb_column][et_pb_column type=&#8221;1_5&#8243; _builder_version=&#8221;3.22.4&#8243;][et_pb_text text_font_size=&#8221;20px&#8221; text_orientation=&#8221;center&#8221; _builder_version=&#8221;3.22.4&#8243; link_option_url=&#8221;https:\/\/www.cinop.com.mx\/sitio\/mapa-del-sitio\/&#8221; text_font=&#8221;||||||||&#8221; text_text_color=&#8221;#00B0F0&#8243; custom_padding=&#8221;25px||&#8221;]<\/p>\n<p>Mapa del Sitio<\/p>\n<p>[\/et_pb_text][\/et_pb_column][\/et_pb_row][\/et_pb_section]<\/p>\n","protected":false},"excerpt":{"rendered":"<p>[et_pb_section fb_built=&#8221;1&#8243; _builder_version=&#8221;3.22.4&#8243; border_width_bottom=&#8221;6px&#8221; border_color_bottom=&#8221;#FF6600&#8243; custom_margin=&#8221;||1px|||&#8221; custom_padding=&#8221;23px||5px|||&#8221; locked=&#8221;off&#8221;][et_pb_row custom_margin=&#8221;-11px|auto||auto||&#8221; _builder_version=&#8221;3.22.4&#8243; min_height=&#8221;58.6px&#8221;][et_pb_column type=&#8221;1_2&#8243; _builder_version=&#8221;3.22.4&#8243;][et_pb_text _builder_version=&#8221;3.22.4&#8243; text_font=&#8221;Roboto|700|||||||&#8221; text_text_color=&#8221;#7F7F7F&#8221; text_font_size=&#8221;32px&#8221; text_line_height=&#8221;1.3em&#8221; custom_padding=&#8221;41px|||||&#8221;] An\u00e1lisis especializados [\/et_pb_text][\/et_pb_column][et_pb_column type=&#8221;1_2&#8243; _builder_version=&#8221;3.22.4&#8243;][et_pb_image src=&#8221;https:\/\/www.cinop.com.mx\/sitio\/wp-content\/uploads\/2023\/10\/NewLogoCinop_mediano.png&#8221; align=&#8221;right&#8221; _builder_version=&#8221;3.22.4&#8243;][\/et_pb_image][\/et_pb_column][\/et_pb_row][\/et_pb_section][et_pb_section fb_built=&#8221;1&#8243; _builder_version=&#8221;3.22.4&#8243; border_width_bottom=&#8221;6px&#8221; border_color_bottom=&#8221;#7F7F7F&#8221; custom_margin=&#8221;-3px|||||&#8221; custom_padding=&#8221;22px||22px|||&#8221;][et_pb_row use_custom_gutter=&#8221;on&#8221; custom_padding=&#8221;9px||8px|||&#8221; custom_margin=&#8221;|auto|-2px|auto||&#8221; make_equal=&#8221;on&#8221; _builder_version=&#8221;3.22.4&#8243;][et_pb_column type=&#8221;1_4&#8243; _builder_version=&#8221;3.22.4&#8243;][et_pb_image src=&#8221;https:\/\/www.cinop.com.mx\/sitio\/wp-content\/uploads\/2023\/10\/L18_V4_Image01.png&#8221; _builder_version=&#8221;3.22.4&#8243;][\/et_pb_image][\/et_pb_column][et_pb_column type=&#8221;1_4&#8243; _builder_version=&#8221;3.22.4&#8243;][et_pb_image src=&#8221;https:\/\/www.cinop.com.mx\/sitio\/wp-content\/uploads\/2023\/10\/L18_V4_Image02.png&#8221; _builder_version=&#8221;3.22.4&#8243;][\/et_pb_image][\/et_pb_column][et_pb_column type=&#8221;1_4&#8243; _builder_version=&#8221;3.22.4&#8243;][et_pb_image src=&#8221;https:\/\/www.cinop.com.mx\/sitio\/wp-content\/uploads\/2023\/10\/L18_V4_Image03.png&#8221; _builder_version=&#8221;3.22.4&#8243;][\/et_pb_image][\/et_pb_column][et_pb_column type=&#8221;1_4&#8243; _builder_version=&#8221;3.22.4&#8243;][et_pb_image src=&#8221;https:\/\/www.cinop.com.mx\/sitio\/wp-content\/uploads\/2023\/10\/L18_V4_Image04.png&#8221; _builder_version=&#8221;3.22.4&#8243;][\/et_pb_image][\/et_pb_column][\/et_pb_row][et_pb_row custom_padding=&#8221;10px||13px|||&#8221; [&hellip;]<\/p>\n","protected":false},"author":2,"featured_media":0,"parent":0,"menu_order":0,"comment_status":"closed","ping_status":"closed","template":"","meta":{"nf_dc_page":"","_et_pb_use_builder":"on","_et_pb_old_content":"","om_disable_all_campaigns":false,"_monsterinsights_skip_tracking":false,"_monsterinsights_sitenote_active":false,"_monsterinsights_sitenote_note":"","_monsterinsights_sitenote_category":0,"footnotes":""},"class_list":["post-1374","page","type-page","status-publish","hentry"],"aioseo_notices":[],"_links":{"self":[{"href":"https:\/\/www.cinop.com.mx\/sitio\/wp-json\/wp\/v2\/pages\/1374","targetHints":{"allow":["GET"]}}],"collection":[{"href":"https:\/\/www.cinop.com.mx\/sitio\/wp-json\/wp\/v2\/pages"}],"about":[{"href":"https:\/\/www.cinop.com.mx\/sitio\/wp-json\/wp\/v2\/types\/page"}],"author":[{"embeddable":true,"href":"https:\/\/www.cinop.com.mx\/sitio\/wp-json\/wp\/v2\/users\/2"}],"replies":[{"embeddable":true,"href":"https:\/\/www.cinop.com.mx\/sitio\/wp-json\/wp\/v2\/comments?post=1374"}],"version-history":[{"count":19,"href":"https:\/\/www.cinop.com.mx\/sitio\/wp-json\/wp\/v2\/pages\/1374\/revisions"}],"predecessor-version":[{"id":1588,"href":"https:\/\/www.cinop.com.mx\/sitio\/wp-json\/wp\/v2\/pages\/1374\/revisions\/1588"}],"wp:attachment":[{"href":"https:\/\/www.cinop.com.mx\/sitio\/wp-json\/wp\/v2\/media?parent=1374"}],"curies":[{"name":"wp","href":"https:\/\/api.w.org\/{rel}","templated":true}]}}